{"id":104,"date":"2020-05-05T20:41:29","date_gmt":"2020-05-05T18:41:29","guid":{"rendered":"https:\/\/prevadzka.eu\/fsvah\/?page_id=104"},"modified":"2024-01-22T18:58:42","modified_gmt":"2024-01-22T17:58:42","slug":"podporovatelia-a-sponzori","status":"publish","type":"page","link":"https:\/\/fsvahpuchov.sk\/?page_id=104","title":{"rendered":"Podporovatelia a sponzori"},"content":{"rendered":"\n<p class=\"has-text-align-center\">\u010eakujeme V\u00e1m!<\/p>\n\n\n\n<div class=\"wp-block-image\"><figure class=\"aligncenter size-large is-resized\"><img src=\"http:\/\/fsvahpuchov.sk\/wp-content\/uploads\/2020\/05\/Sn\u00edmka-obrazovky-2020-05-05-o-20.38.23-1.png\" alt=\"\" class=\"wp-image-112\" width=\"200\" srcset=\"https:\/\/fsvahpuchov.sk\/wp-content\/uploads\/2020\/05\/Sn\u00edmka-obrazovky-2020-05-05-o-20.38.23-1.png 496w, https:\/\/fsvahpuchov.sk\/wp-content\/uploads\/2020\/05\/Sn\u00edmka-obrazovky-2020-05-05-o-20.38.23-1-261x300.png 261w\" sizes=\"(max-width: 496px) 100vw, 496px\" \/><\/figure><\/div>\n\n\n\n<div class=\"wp-block-image\"><figure class=\"aligncenter size-large is-resized\"><img src=\"http:\/\/fsvahpuchov.sk\/wp-content\/uploads\/2020\/05\/Sn\u00edmka-obrazovky-2020-05-05-o-20.38.46.png\" alt=\"\" class=\"wp-image-107\" width=\"500\" srcset=\"https:\/\/fsvahpuchov.sk\/wp-content\/uploads\/2020\/05\/Sn\u00edmka-obrazovky-2020-05-05-o-20.38.46.png 714w, https:\/\/fsvahpuchov.sk\/wp-content\/uploads\/2020\/05\/Sn\u00edmka-obrazovky-2020-05-05-o-20.38.46-300x69.png 300w\" sizes=\"(max-width: 714px) 100vw, 714px\" \/><\/figure><\/div>\n\n\n\n<div class=\"wp-block-image\"><figure class=\"aligncenter size-large is-resized\"><img src=\"http:\/\/fsvahpuchov.sk\/wp-content\/uploads\/2020\/05\/Sn\u00edmka-obrazovky-2020-05-05-o-20.38.35.png\" alt=\"\" class=\"wp-image-108\" width=\"300\" srcset=\"https:\/\/fsvahpuchov.sk\/wp-content\/uploads\/2020\/05\/Sn\u00edmka-obrazovky-2020-05-05-o-20.38.35.png 638w, https:\/\/fsvahpuchov.sk\/wp-content\/uploads\/2020\/05\/Sn\u00edmka-obrazovky-2020-05-05-o-20.38.35-300x173.png 300w\" sizes=\"(max-width: 638px) 100vw, 638px\" \/><\/figure><\/div>\n\n\n\n<figure class=\"wp-block-image size-large\"><img loading=\"lazy\" width=\"1024\" height=\"724\" src=\"https:\/\/fsvahpuchov.sk\/wp-content\/uploads\/2024\/01\/trencin-dolinecka-projekt-tsk-2023-1024x724.png\" alt=\"\" class=\"wp-image-321\" srcset=\"https:\/\/fsvahpuchov.sk\/wp-content\/uploads\/2024\/01\/trencin-dolinecka-projekt-tsk-2023-1024x724.png 1024w, https:\/\/fsvahpuchov.sk\/wp-content\/uploads\/2024\/01\/trencin-dolinecka-projekt-tsk-2023-300x212.png 300w, https:\/\/fsvahpuchov.sk\/wp-content\/uploads\/2024\/01\/trencin-dolinecka-projekt-tsk-2023-768x543.png 768w, https:\/\/fsvahpuchov.sk\/wp-content\/uploads\/2024\/01\/trencin-dolinecka-projekt-tsk-2023-1536x1086.png 1536w, https:\/\/fsvahpuchov.sk\/wp-content\/uploads\/2024\/01\/trencin-dolinecka-projekt-tsk-2023-2048x1448.png 2048w\" sizes=\"(max-width: 767px) 89vw, (max-width: 1000px) 54vw, (max-width: 1071px) 543px, 580px\" \/><\/figure>\n\n\n\n<figure class=\"wp-block-image size-full\"><img loading=\"lazy\" width=\"940\" height=\"788\" src=\"https:\/\/fsvahpuchov.sk\/wp-content\/uploads\/2024\/01\/trencin-dolinecka-tsk.png\" alt=\"\" class=\"wp-image-322\" srcset=\"https:\/\/fsvahpuchov.sk\/wp-content\/uploads\/2024\/01\/trencin-dolinecka-tsk.png 940w, https:\/\/fsvahpuchov.sk\/wp-content\/uploads\/2024\/01\/trencin-dolinecka-tsk-300x251.png 300w, https:\/\/fsvahpuchov.sk\/wp-content\/uploads\/2024\/01\/trencin-dolinecka-tsk-768x644.png 768w\" sizes=\"(max-width: 767px) 89vw, (max-width: 1000px) 54vw, (max-width: 1071px) 543px, 580px\" \/><\/figure>\n\n\n\n<figure class=\"wp-block-image size-full\"><img loading=\"lazy\" width=\"450\" height=\"600\" src=\"https:\/\/fsvahpuchov.sk\/wp-content\/uploads\/2024\/01\/tsk-pakr-kalendar.jpeg\" alt=\"\" class=\"wp-image-323\" srcset=\"https:\/\/fsvahpuchov.sk\/wp-content\/uploads\/2024\/01\/tsk-pakr-kalendar.jpeg 450w, https:\/\/fsvahpuchov.sk\/wp-content\/uploads\/2024\/01\/tsk-pakr-kalendar-225x300.jpeg 225w\" sizes=\"(max-width: 450px) 100vw, 450px\" \/><\/figure>\n","protected":false},"excerpt":{"rendered":"<p>\u010eakujeme V\u00e1m!<\/p>\n","protected":false},"author":1,"featured_media":0,"parent":0,"menu_order":0,"comment_status":"closed","ping_status":"closed","template":"","meta":[],"yoast_head":"<!-- This site is optimized with the Yoast SEO plugin v17.6 - https:\/\/yoast.com\/wordpress\/plugins\/seo\/ -->\n<title>Podporovatelia a sponzori - FS V\u00e1h P\u00fachov<\/title>\n<meta name=\"robots\" content=\"index, follow, max-snippet:-1, max-image-preview:large, max-video-preview:-1\" \/>\n<link rel=\"canonical\" href=\"https:\/\/fsvahpuchov.sk\/?page_id=104\" \/>\n<meta property=\"og:locale\" content=\"sk_SK\" \/>\n<meta property=\"og:type\" content=\"article\" \/>\n<meta property=\"og:title\" content=\"Podporovatelia a sponzori - FS V\u00e1h P\u00fachov\" \/>\n<meta property=\"og:description\" content=\"\u010eakujeme V\u00e1m!\" \/>\n<meta property=\"og:url\" content=\"https:\/\/fsvahpuchov.sk\/?page_id=104\" \/>\n<meta property=\"og:site_name\" content=\"FS V\u00e1h P\u00fachov\" \/>\n<meta property=\"article:publisher\" content=\"https:\/\/www.facebook.com\/pg\/fsvahpuchov\/\" \/>\n<meta property=\"article:modified_time\" content=\"2024-01-22T17:58:42+00:00\" \/>\n<meta property=\"og:image\" content=\"http:\/\/fsvahpuchov.sk\/wp-content\/uploads\/2020\/05\/Sn\u00edmka-obrazovky-2020-05-05-o-20.38.23-1.png\" \/>\n<meta name=\"twitter:card\" content=\"summary_large_image\" \/>\n<meta name=\"twitter:label1\" content=\"Predpokladan\u00fd \u010das \u010d\u00edtania\" \/>\n\t<meta name=\"twitter:data1\" content=\"2 min\u00faty\" \/>\n<script type=\"application\/ld+json\" class=\"yoast-schema-graph\">{\"@context\":\"https:\/\/schema.org\",\"@graph\":[{\"@type\":\"Organization\",\"@id\":\"https:\/\/fsvahpuchov.sk\/#organization\",\"name\":\"FS V\\u00e1h P\\u00fachov\",\"url\":\"https:\/\/fsvahpuchov.sk\/\",\"sameAs\":[\"https:\/\/www.facebook.com\/pg\/fsvahpuchov\/\",\"https:\/\/www.instagram.com\/fs_vah_puchov\/\"],\"logo\":{\"@type\":\"ImageObject\",\"@id\":\"https:\/\/fsvahpuchov.sk\/#logo\",\"inLanguage\":\"sk-SK\",\"url\":\"https:\/\/fsvahpuchov.sk\/wp-content\/uploads\/2020\/04\/cropped-45596869_10156600851966007_7359537593974784000_o-1-3.jpg\",\"contentUrl\":\"https:\/\/fsvahpuchov.sk\/wp-content\/uploads\/2020\/04\/cropped-45596869_10156600851966007_7359537593974784000_o-1-3.jpg\",\"width\":250,\"height\":250,\"caption\":\"FS V\\u00e1h P\\u00fachov\"},\"image\":{\"@id\":\"https:\/\/fsvahpuchov.sk\/#logo\"}},{\"@type\":\"WebSite\",\"@id\":\"https:\/\/fsvahpuchov.sk\/#website\",\"url\":\"https:\/\/fsvahpuchov.sk\/\",\"name\":\"FS V\\u00e1h P\\u00fachov\",\"description\":\"Folkl\\u00f3rny s\\u00fabor V\\u00e1h P\\u00fachov\",\"publisher\":{\"@id\":\"https:\/\/fsvahpuchov.sk\/#organization\"},\"potentialAction\":[{\"@type\":\"SearchAction\",\"target\":{\"@type\":\"EntryPoint\",\"urlTemplate\":\"https:\/\/fsvahpuchov.sk\/?s={search_term_string}\"},\"query-input\":\"required name=search_term_string\"}],\"inLanguage\":\"sk-SK\"},{\"@type\":\"ImageObject\",\"@id\":\"https:\/\/fsvahpuchov.sk\/?page_id=104#primaryimage\",\"inLanguage\":\"sk-SK\",\"url\":\"http:\/\/fsvahpuchov.sk\/wp-content\/uploads\/2020\/05\/Sn\\u00edmka-obrazovky-2020-05-05-o-20.38.23-1.png\",\"contentUrl\":\"http:\/\/fsvahpuchov.sk\/wp-content\/uploads\/2020\/05\/Sn\\u00edmka-obrazovky-2020-05-05-o-20.38.23-1.png\"},{\"@type\":\"WebPage\",\"@id\":\"https:\/\/fsvahpuchov.sk\/?page_id=104#webpage\",\"url\":\"https:\/\/fsvahpuchov.sk\/?page_id=104\",\"name\":\"Podporovatelia a sponzori - FS V\\u00e1h P\\u00fachov\",\"isPartOf\":{\"@id\":\"https:\/\/fsvahpuchov.sk\/#website\"},\"primaryImageOfPage\":{\"@id\":\"https:\/\/fsvahpuchov.sk\/?page_id=104#primaryimage\"},\"datePublished\":\"2020-05-05T18:41:29+00:00\",\"dateModified\":\"2024-01-22T17:58:42+00:00\",\"breadcrumb\":{\"@id\":\"https:\/\/fsvahpuchov.sk\/?page_id=104#breadcrumb\"},\"inLanguage\":\"sk-SK\",\"potentialAction\":[{\"@type\":\"ReadAction\",\"target\":[\"https:\/\/fsvahpuchov.sk\/?page_id=104\"]}]},{\"@type\":\"BreadcrumbList\",\"@id\":\"https:\/\/fsvahpuchov.sk\/?page_id=104#breadcrumb\",\"itemListElement\":[{\"@type\":\"ListItem\",\"position\":1,\"name\":\"Domovsk\\u00e1 str\\u00e1nka\",\"item\":\"https:\/\/fsvahpuchov.sk\/\"},{\"@type\":\"ListItem\",\"position\":2,\"name\":\"Podporovatelia a sponzori\"}]}]}<\/script>\n<!-- \/ Yoast SEO plugin. -->","yoast_head_json":{"title":"Podporovatelia a sponzori - FS V\u00e1h P\u00fachov","robots":{"index":"index","follow":"follow","max-snippet":"max-snippet:-1","max-image-preview":"max-image-preview:large","max-video-preview":"max-video-preview:-1"},"canonical":"https:\/\/fsvahpuchov.sk\/?page_id=104","og_locale":"sk_SK","og_type":"article","og_title":"Podporovatelia a sponzori - FS V\u00e1h P\u00fachov","og_description":"\u010eakujeme V\u00e1m!","og_url":"https:\/\/fsvahpuchov.sk\/?page_id=104","og_site_name":"FS V\u00e1h P\u00fachov","article_publisher":"https:\/\/www.facebook.com\/pg\/fsvahpuchov\/","article_modified_time":"2024-01-22T17:58:42+00:00","og_image":[{"url":"http:\/\/fsvahpuchov.sk\/wp-content\/uploads\/2020\/05\/Sn\u00edmka-obrazovky-2020-05-05-o-20.38.23-1.png"}],"twitter_card":"summary_large_image","twitter_misc":{"Predpokladan\u00fd \u010das \u010d\u00edtania":"2 min\u00faty"},"schema":{"@context":"https:\/\/schema.org","@graph":[{"@type":"Organization","@id":"https:\/\/fsvahpuchov.sk\/#organization","name":"FS V\u00e1h P\u00fachov","url":"https:\/\/fsvahpuchov.sk\/","sameAs":["https:\/\/www.facebook.com\/pg\/fsvahpuchov\/","https:\/\/www.instagram.com\/fs_vah_puchov\/"],"logo":{"@type":"ImageObject","@id":"https:\/\/fsvahpuchov.sk\/#logo","inLanguage":"sk-SK","url":"https:\/\/fsvahpuchov.sk\/wp-content\/uploads\/2020\/04\/cropped-45596869_10156600851966007_7359537593974784000_o-1-3.jpg","contentUrl":"https:\/\/fsvahpuchov.sk\/wp-content\/uploads\/2020\/04\/cropped-45596869_10156600851966007_7359537593974784000_o-1-3.jpg","width":250,"height":250,"caption":"FS V\u00e1h P\u00fachov"},"image":{"@id":"https:\/\/fsvahpuchov.sk\/#logo"}},{"@type":"WebSite","@id":"https:\/\/fsvahpuchov.sk\/#website","url":"https:\/\/fsvahpuchov.sk\/","name":"FS V\u00e1h P\u00fachov","description":"Folkl\u00f3rny s\u00fabor V\u00e1h P\u00fachov","publisher":{"@id":"https:\/\/fsvahpuchov.sk\/#organization"},"potentialAction":[{"@type":"SearchAction","target":{"@type":"EntryPoint","urlTemplate":"https:\/\/fsvahpuchov.sk\/?s={search_term_string}"},"query-input":"required name=search_term_string"}],"inLanguage":"sk-SK"},{"@type":"ImageObject","@id":"https:\/\/fsvahpuchov.sk\/?page_id=104#primaryimage","inLanguage":"sk-SK","url":"http:\/\/fsvahpuchov.sk\/wp-content\/uploads\/2020\/05\/Sn\u00edmka-obrazovky-2020-05-05-o-20.38.23-1.png","contentUrl":"http:\/\/fsvahpuchov.sk\/wp-content\/uploads\/2020\/05\/Sn\u00edmka-obrazovky-2020-05-05-o-20.38.23-1.png"},{"@type":"WebPage","@id":"https:\/\/fsvahpuchov.sk\/?page_id=104#webpage","url":"https:\/\/fsvahpuchov.sk\/?page_id=104","name":"Podporovatelia a sponzori - FS V\u00e1h P\u00fachov","isPartOf":{"@id":"https:\/\/fsvahpuchov.sk\/#website"},"primaryImageOfPage":{"@id":"https:\/\/fsvahpuchov.sk\/?page_id=104#primaryimage"},"datePublished":"2020-05-05T18:41:29+00:00","dateModified":"2024-01-22T17:58:42+00:00","breadcrumb":{"@id":"https:\/\/fsvahpuchov.sk\/?page_id=104#breadcrumb"},"inLanguage":"sk-SK","potentialAction":[{"@type":"ReadAction","target":["https:\/\/fsvahpuchov.sk\/?page_id=104"]}]},{"@type":"BreadcrumbList","@id":"https:\/\/fsvahpuchov.sk\/?page_id=104#breadcrumb","itemListElement":[{"@type":"ListItem","position":1,"name":"Domovsk\u00e1 str\u00e1nka","item":"https:\/\/fsvahpuchov.sk\/"},{"@type":"ListItem","position":2,"name":"Podporovatelia a sponzori"}]}]}},"_links":{"self":[{"href":"https:\/\/fsvahpuchov.sk\/index.php?rest_route=\/wp\/v2\/pages\/104"}],"collection":[{"href":"https:\/\/fsvahpuchov.sk\/index.php?rest_route=\/wp\/v2\/pages"}],"about":[{"href":"https:\/\/fsvahpuchov.sk\/index.php?rest_route=\/wp\/v2\/types\/page"}],"author":[{"embeddable":true,"href":"https:\/\/fsvahpuchov.sk\/index.php?rest_route=\/wp\/v2\/users\/1"}],"replies":[{"embeddable":true,"href":"https:\/\/fsvahpuchov.sk\/index.php?rest_route=%2Fwp%2Fv2%2Fcomments&post=104"}],"version-history":[{"count":5,"href":"https:\/\/fsvahpuchov.sk\/index.php?rest_route=\/wp\/v2\/pages\/104\/revisions"}],"predecessor-version":[{"id":324,"href":"https:\/\/fsvahpuchov.sk\/index.php?rest_route=\/wp\/v2\/pages\/104\/revisions\/324"}],"wp:attachment":[{"href":"https:\/\/fsvahpuchov.sk\/index.php?rest_route=%2Fwp%2Fv2%2Fmedia&parent=104"}],"curies":[{"name":"wp","href":"https:\/\/api.w.org\/{rel}","templated":true}]}}